pose 33*z - 31*z = a. List the prime factors of z.
5, 37
Suppose -20*s = -25*s + 4*m + 15781, 4*s = -3*m + 12600. What are the prime factors of s?
3, 1051
Let b(m) = 11*m + 27 + 3*m - 40. What are the prime factors of b(7)?
5, 17
Let a(f) = 19*f**3 - 2*f**2 + 12*f + 4. What are the prime factors of a(3)?
5, 107
Let l = 1687 + -1752. Suppose 4*j + 38 - 7 = -3*u, 5*u + 5*j + 55 = 0. What are the prime factors of (-465)/l - (-2)/u?
7
Let h = 997 + -517. What are the prime factors of h?
2, 3, 5
List the prime factors of (-6)/(-4) + 2*842/8.
2, 53
Let m(r) = 8*r + 2. Let c(i) = 7*i + 1. Let v be (-180)/28 + (-9)/(-21). Let l(x) = v*c(x) + 4*m(x). What are the prime factors of l(-3)?
2
Suppose 48 = 10*n - 6*n. Suppose 5*m + 5*g = 45, 0*g + n = m + 2*g. Suppose 4*u = -t + 68, u - m = -5*t + 11. List the prime factors of u.
17
What are the prime factors of (4 - 1) + (-9)/3 + 619?
619
What are the prime factors of (-3*(-35)/(-30))/((-6)/11088)?
2, 3, 7, 11
Let f = -280 + 30. What are the prime factors of (4 + 0)*f/(-8)?
5
Suppose f = 2*m - 12, f + 3*f = -16. Suppose 35 = m*t - 333. What are the prime factors of t?
2, 23
List the prime factors of 6 - 2 - -1298 - (-1 + 6).
1297
Suppose -2*i = 3*t + 3*i - 5299, 2*t - 3532 = -4*i. List the prime factors of t.
2, 13, 17
Suppose 41*w - 3987 = 18153. List the prime factors of w.
2, 3, 5
Suppose -11*o + 480 + 961 = 0. What are the prime factors of o?
131
Let s = -11 - -14. Suppose 5*z - 7 - 2 = s*q, 3*q + 9 = z. List the prime factors of (-2)/6 + (-139)/q.
2, 23
Let m be (0 - 2)/(-2) - (-6)/3. Suppose -t + 59 = v, 2*v + 4*t - 86 = 30. Suppose -5*n + m*k + 205 = -v, -5 = k. What are the prime factors of n?
2, 5
Let l(g) = -2*g**2. Let i(w) = -18*w**2 + 3*w + 1. Let z(p) = -i(p) + 2*l(p). Suppose -3*f - 4*k - 6 = -2*f, -4*f - k = 9. What are the prime factors of z(f)?
61
Let l be 20/(-15)*(2 - -1). Let q(p) = -17*p + 16. Let k(n) = -50*n + 47. Let a(y) = 4*k(y) - 11*q(y). What are the prime factors of a(l)?
2
Let c be (185/(-15))/((-3)/135). Suppose 0 = -3*p - 2*t + c, 3*p - 2*t + t = 564. What are the prime factors of p?
11, 17
Let o = 3871 + -2252. What are the prime factors of o?
1619
Let y = 5 + 0. Let x(z) = 11*z - 9. Let j be x(7). Suppose 48 = y*i + 5*f - 37, -4*i = -f - j. List the prime factors of i.
17
Let i(b) = b**3 - 7*b**2 + 8*b - 12. Let n be i(5). Let v = n - -55. List the prime factors of v.
3, 11
Let u be (-24)/8*1/1*1. List the prime factors of 2/u + -4*(-2335)/60.
5, 31
Let i = 14 - 12. Suppose 2*x - 4*w - 16 = x, -5*w = -i*x + 23. Suppose -3*b = 5*j - 9, 0 = x*b + j - 2*j - 35. What are the prime factors of b?
2
Suppose 0 = -4*a + 23 - 3. Suppose 55 = 4*m - p - 111, 0 = 2*m - a*p - 92. List the prime factors of m.
41
Let d(j) be the first derivative of 7*j**3/3 - j**2/2 - 12*j - 20. What are the prime factors of d(5)?
2, 79
Let r = 347 - -31. Suppose -5*s + r = 118. List the prime factors of s.
2, 13
List the prime factors of (-106059)/(-87) + (-28)/406.
23, 53
Let c = 55 + -56. List the prime factors of c*81*-3*(-6)/(-18).
3
Suppose 3*t - 20*t = -5151. List the prime factors of t.
3, 101
Suppose -2*k + 0 - 18 = -4*o, 14 = -3*o - 4*k. Suppose -5*z = 23 + o. List the prime factors of 1 + z + 72/2.
2
Let y(u) = 20*u**3 - u**2 - u + 1. Let f be y(1). Let v = 18 - f. What are the prime factors of 11/(44/120) + v?
29
Suppose -8 = -3*d - l, -2 = -4*l + 6*l. Suppose f + 10 = -4*t, d*f - 2*t - 8 - 4 = 0. Let g(b) = b**3 + b - 1. List the prime factors of g(f).
3
Let w(f) = -f**3 + 18*f**2 + 47*f - 15. List the prime factors of w(19).
11, 47
Let m = -8 - -13. Suppose 0 = -m*q + s + 45 + 55, -4*q + 80 = -3*s. What are the prime factors of (-62)/(-5) - q/50?
2, 3
Suppose 46*h = 209811 - 88049. List the prime factors of h.
2647
Suppose -380*w - 130923 = -407*w. What are the prime factors of w?
13, 373
Let m = -2 - -6. Suppose 3*z + 7*v - 22 = 3*v, 3*z = 3*v + 57. Suppose -z = m*f - 94. What are the prime factors of f?
2, 5
Let y(o) = 17*o + 5. Let q(i) be the third derivative of -i**4/3 - i**3/2 + 6*i**2. Let v(h) = -5*q(h) - 3*y(h). List the prime factors of v(-1).
11
Suppose -5*a + 3 + 37 = 0. Let i = -16 + a. What are the prime factors of (-9)/(-36) + (-310)/i?
3, 13
Suppose -8*w = -13*w + j + 2164, -2*w + 861 = -5*j. List the prime factors of w.
433
Let b = 102 + -12. Suppose -b = -2*s - 3*s. What are the prime factors of s?
2, 3
Let s(j) = 2*j**2 - 9*j + 6. Let q = 20 + -16. Let r be s(q). Suppose -r*o + 48 = 10. List the prime factors of o.
19
Suppose 3*m - 4*m = 0. Let v be 0/(m + 2/1). Suppose v = -2*o + 39 + 63. List the prime factors of o.
3, 17
Let p be (-4)/(-10) - (-24)/15. Let s = p - 2. Suppose 2*g - 42 = -s*g. What are the prime factors of g?
3, 7
Suppose -98 = x - 393. What are the prime factors of x?
5, 59
Suppose 97*d + 4430 = 2*z + 102*d, 4*z - d = 8904. List the prime factors of z.
5, 89
Suppose 31*q + 2331 = 38*q. List the prime factors of q.
3, 37
Suppose -5*s + 4*z - 76 + 458 = 0, 0 = 3*z + 9. Suppose 1 + 4 = -5*u, -2*u - s = -3*m. Suppose -21*h + m*h = 180. List the prime factors of h.
2, 3, 5
Let x(j) = 145*j - 4. Let k be x(4). Suppose -6*t + k = 2*t. List the prime factors of t.
2, 3
Let q be -1 + 0 + 4 + 2. Let s be (3 - 0) + 19*3. Suppose s = q*d + 20. List the prime factors of d.
2
Let v be 2/(-2) - (9 + 1). Suppose 2 + 0 = -h - 2*n, -n - 19 = -4*h. Let a = h - v. List the prime factors of a.
3, 5
Suppose 3*h - 1984 = 3014. List the prime factors of h.
2, 7, 17
Let j(b) = -7*b**3 - 3*b**2 - 2*b - 4. Let l be j(-3). Let x be -1*2/(-6) + 710/3. Let r = x - l. List the prime factors of r.
73
Let s = 76 - -501. What are the prime factors of s?
577
Suppose o - 2*o = -z + 4, 2*z = o + 6. Suppose -5*b - 5*q - 70 = -325, -b - z*q + 56 = 0. List the prime factors of b.
2, 23
Let t(q) = 14*q - 4. Suppose 5*m + l - 23 = 0, 5*m - m - 13 = l. What are the prime factors of t(m)?
2, 13
Suppose -10*r + 13706 = 4476. What are the prime factors of r?
13, 71
Suppose -l - 8 = l, -4*k + 1236 = -5*l. Suppose 10*q - 6*q - k = 0. List the prime factors of q.
2, 19
Suppose -m + 2*j + 718 = 0, 12*m - 13*m + 5*j = -709. What are the prime factors of m?
2, 181
Let o(z) = -z**2 - 8*z + 10. Let k be o(-9). Let w(u) = u**2 + 13*u + k + 0*u**2 - 1 - 1. List the prime factors of w(-14).
13
Let p(v) = -3*v - 15. Let y be p(-11). Suppose -82 = -y*a + 2366. What are the prime factors of a?
2, 17
Let x = 16 - 8. What are the prime factors of x + 4/4 - 0?
3
Suppose 4*i - 4*h = -4, 2*i - 4*h + 8 = -i. Let q be (-11)/(-5) - (-4)/(-20). Suppose o = 6*o + 4*z - 3, q*z + 18 = i*o. What are the prime factors of o?
3
Let h(l) = 124*l**2 - 20*l - 66. List the prime factors of h(-5).
2, 1567
Suppose -45*b + 32 = -41*b. Suppose -1697 = -b*q - 217. List the prime factors of q.
5, 37
Suppose a = -3*a + 468. Let y = a + -37. What are the prime factors of y?
2, 5
Suppose -16*x + 1134 = -2418. What are the prime factors of x?
2, 3, 37
Let v(y) = 5*y - 6. Let f = 7 + -2. Let o be v(f). Suppose 0 = -2*k, -s + o = -k - 4. List the prime factors of s.
23
Let u be (2/8)/(4/1208)*14. Suppose 6*r - u = -331. List the prime factors of r.
11
Let n be (-2)/(-4)*(6 + 0). Suppose n*y + 104 = -3*x + x, 5*y + 172 = -4*x. Let q = y + 54. List the prime factors of q.
2, 3
Suppose -4*t - 82 = -758. Suppose -t = -5*n + 191. Suppose 2*q = -2*g - 2*g + n, 0 = -3*g + 2*q + 61. List the prime factors of g.
19
Let p = 21 + -18. Let c be (p*1)/(24/(-32)). List the prime factors of (3 + c + 33)/2.
2
Suppose 235 = -3*p - 68. Let v = p - -166. What are the prime factors of v?
5, 13
Suppose 5*z + 25 = 0, -5*d + 875 = -d + 5*z. What are the prime factors of ((-2)/10 + 1)/(10/d)?
2, 3
Suppose 10*a - 1828 = 8*a. List the prime factors of a.
2, 457
What are the prime factors of ((-99)/5)/((-1)/20)?
2, 3, 11
Let j(l) = 23*l + 8. Let b be 6/2*(-4 + 3)*-1. List the prime factors of j(b).
7, 11
Let a(j) = -j**2 + 8*j - 7. Let d = 2 - 6. Let w = d - -10. What are the prime factors of a(w)?
5
What are the prime factors of ((-6372)/(-108))/(1/19)?
19, 59
Let f be -1*3/(-5) - (-56)/40. Suppose f*n + 5*k - 201 = 0, -4*n = -0*n + 5*k - 417. What are the prime factors of n?
2, 3
Let j(c) = 2*c**2 - 4*c - 2. Let x(l) = -l - 9. Let n be x(-9). Suppose -5*q - 6 - 4